 + 350?
4
Let r be (-2)/(-5) + 1072/(-5). Suppose 0 = -57*h + 138 - 24. What is the units digit of -2 - 6/h - r?
9
Suppose i = 5*k - 20, -5*k + 20 = 2*i - 0*i. Let b be (-49)/(-14) - ((-10)/k - -1). Suppose b*q = 267 + 88. What is the units digit of q?
1
Suppose 120 = 5*c - 30. Suppose 0 = o - 3*o - c. What is the units digit of (-616)/(-10) + (-6)/o?
2
Let m(c) = 3*c - 13. Let k be m(19). Suppose 12 = -i + k. Suppose -i*z = -29*z - 102. What is the units digit of z?
4
Let k be (-3*(-1822)/(-4))/(15/20). What is the tens digit of k/(-2) - (11 - 6)?
0
Let j = -342 + 609. Suppose -3*c - j = 2*z, 2*c = -2*z - 137 - 41. Let r = c - -120. What is the tens digit of r?
3
Let b be (0 - -47)/(-5*4/60). Let a = b - -430. What is the hundreds digit of a?
2
Suppose 7 = 2*p - 1, t - 3*p + 8 = 0. What is the hundreds digit of ((-28)/3 + t)/((-1)/36)?
1
Suppose v - 1780 + 13724 = 5*c, -2*c - 2*v = -4768. Let i = -1166 + c. What is the thousands digit of i?
1
Suppose 0 = 26*i - 320526 - 152674. What is the thousands digit of i?
8
Let x(k) be the second derivative of 19*k**4/3 + k**3/2 - k**2 - 49*k. What is the tens digit of x(1)?
7
Let z = -86 - -86. Suppose z = 5*s - 3*s + r, s = 2*r. Suppose 14*x - 487 - 283 = s. What is the units digit of x?
5
Let f(d) = 151*d + 1234. What is the tens digit of f(-7)?
7
Let z(q) = q**3 + q**2 + q + 25. Let k be z(0). What is the units digit of 5*-2*(-195)/k?
8
Suppose -2*w = 2*d - 76530, -8*w = -6*w - d - 76512. What is the thousands digit of w?
8
Let t = -12090 - -17904. What is the hundreds digit of t?
8
Let d = -14 - -15. Let q be (0 + 2)*(6 + -4)*d. Suppose q*o = -r + 349, -o = 4*o + r - 436. What is the tens digit of o?
8
Suppose 3*o = 4*n + 29, -2*n - 10 = -0. Suppose 2*p + 47 - 713 = -z, 0 = o*p - 2*z - 999. What is the units digit of p?
3
What is the units digit of 47365 + (2/(-10) - 488/(-40))?
7
Let q(y) = -1557*y - 709. What is the units digit of q(-7)?
0
What is the hundreds digit of (-2 + 14897/3)*36/12?
8
Let v = 17290 - 6662. What is the thousands digit of v?
0
Suppose o + 6*o - 5306 = 0. Suppose -1517 = -13*j + o. What is the units digit of j?
5
Suppose -22512 = -21*j + 18*j. What is the tens digit of j?
0
Let h = -92 - -101. Let q be 2/2 + -3 + (13 - h). Suppose 3*p - a - 281 = 3*a, -2*a = q*p - 206. What is the tens digit of p?
9
What is the units digit of (-9209025)/375*(-20)/12?
9
Suppose 0 = -2*o - 5*k + 30745, -30739 = -2*o + 38*k - 37*k. What is the hundreds digit of o?
3
Let v(k) = -377*k + 1679. What is the hundreds digit of v(-68)?
3
Suppose -5*c = 5*v - 185, 5*c + 5*v - 151 = c. Let q be c/30 - (-8)/(-60). What is the units digit of (2 - q) + (-9 - -8) - -46?
6
Let j be (1/(1 + 1))/(35/350). Let k(a) = 158*a - 6. What is the tens digit of k(j)?
8
What is the tens digit of 282/470 + 2 + (-11304)/(-10)?
3
Let v = 14522 + 19683. What is the hundreds digit of v?
2
Let p = -524 - 77. Let h = 854 + p. What is the units digit of h?
3
Let a(p) = 21*p**2 - p + 24. Let y be a(-5). Suppose -125 = 2*r + 5*x - y, -4*r + 882 = 2*x. What is the tens digit of r?
2
Let m be 5/25*5 + 1. What is the tens digit of (m/6)/(13/7137)?
8
Let t = 87 - 83. Suppose -5*z = -z + t. Let g(u) = 19*u**2 - 2*u - 1. What is the units digit of g(z)?
0
Let c = 1047 - 631. What is the tens digit of c?
1
Let l = -8354 + 41645. What is the units digit of l?
1
Suppose 14*q - 43384 - 157291 = 52039. What is the units digit of q?
1
Let s(h) = -h**2 + 9*h - 74. Let l be s(11). What is the units digit of (6/(-8))/(l/2560)?
0
Let c be 12*(4/(-4) + (-8)/(-6)). Suppose -4*y + 5532 = c*r, y + 2778 = 3*y - r. What is the tens digit of y?
8
Suppose 229840 = -294*c + 276*c + 922354. What is the hundreds digit of c?
4
Let c = 4 - 6. Let s(o) = 42*o + 14. Let l(k) = 2*k - 1. Let r(f) = -10*l(f) - s(f). What is the hundreds digit of r(c)?
1
Let k(u) = -u**2 - 22*u - 19. Let j be k(-6). Let m be j/(-1) - (-15)/15. Let h = 131 - m. What is the tens digit of h?
0
Let j = -914 + 1370. What is the hundreds digit of j?
4
Let t = -5455 + 10544. Let g = -2389 + t. What is the units digit of (-20)/35 - g/(-21)?
8
Let u = -2 + 4. Suppose -3*h + 3*s + 1026 = 0, 5*h + u*s - 1546 = 164. Let o = h - 114. What is the tens digit of o?
2
Suppose -1699*d - 123450 = -1714*d. What is the thousands digit of d?
8
Let i = -6007 + 6227. What is the tens digit of i?
2
Let t be ((-6)/18*3)/(-1). Let v(i) = 1096*i**2 - i + 1. What is the tens digit of v(t)?
9
Let w be 80*(3 - 5/2). Suppose -22*p + 30*p - w = 0. Suppose -2*u - 10 + 62 = 3*t, 4*u = -p*t + 88. What is the units digit of t?
6
Suppose -105*h + 50847 = -102*h - 3*o, -3*h - 2*o = -50837. What is the ten thousands digit of h?
1
Let k(l) = 219*l - 1474. Let o be k(7). Suppose 3*z - 6*z + 738 = 0. Let p = z - o. What is the units digit of p?
7
Let q(w) be the second derivative of w**5/30 - 7*w**4/24 - 7*w**3/6 - 2*w**2 - 11*w. Let p(x) be the first derivative of q(x). What is the units digit of p(7)?
2
Let s = -15 - -16. Let y(x) = 24*x**3 + x**2 - 2*x. What is the tens digit of y(s)?
2
Suppose -k - 10*w + 2344 = -6*w, 4*k = 2*w + 9466. What is the thousands digit of k?
2
Suppose 2*i + 9 = x, 2*x - 42 = -x + i. What is the tens digit of x/(-10)*4972/(-11)?
7
Let o(i) = -i**2 - 7*i - 4. Let r be o(-6). Let f be (r/(8/(-26)))/((-3)/(-6)). What is the units digit of (0 + -3)*949/f?
9
Let u(b) = -5562*b**3 + 2*b**2 - 3. Let q be u(-1). Suppose 9*l + q = 21059. What is the thousands digit of l?
1
Suppose 0 = -5*n + 5*o + 33545, 0 = -22*o + 19*o + 6. What is the thousands digit of n?
6
Let w(r) = 3*r**3 + 2*r**2 - 20*r + 16. Let f be w(4). Let l = f - -800. What is the units digit of l?
0
Suppose -273 = -3*d + 207. Let l = 1492 - d. What is the tens digit of l?
3
Suppose s - 1361 = 72. Let f = s - 769. What is the tens digit of f?
6
Let s(v) = v**3 + 14*v**2 - 7*v + 17. Let l be s(-14). Let j(x) = -15*x + 18. Let f be j(-4). Let u = l - f. What is the units digit of u?
7
Let n(u) = 3*u - 119. Let o be n(39). What is the units digit of (219*1/o)/(5/(-20))?
8
Let i be ((-405)/(-54))/(3/582). Suppose 0 = l + 3*x - 1251, -2*l + i + 1031 = 2*x. What is the hundreds digit of l?
2
Let p = 99 - 94. Suppose p*o = -4*o + 108. Let c(l) = 2*l**2 - 10*l - 18. What is the hundreds digit of c(o)?
1
Let l(h) = h - 4. Let t be l(17). Suppose -t*r = -7*r. Suppose -p + 148 = 4*y - r*y, -32 = -y + p. What is the units digit of y?
6
What is the tens digit of 4385770/665 - 1/(-7)*6?
9
Suppose 0 = 5*m + 10, 6*x - 4*x = -3*m - 2. Suppose 0 = s + 3439 - 3971. Suppose -1 = -x*u + 7, -s = -5*t - 3*u. What is the hundreds digit of t?
1
Let w = -216 - -213. Let p(n) = -23*n - 11 - 2*n - 24*n. What is the tens digit of p(w)?
3
Suppose 13*l - 10 = 8*l. Suppose -14*u = -21*u - 7. What is the tens digit of (73 - 0 - u) + l?
7
Suppose -3*x = -4*h + 118041, -12*x = -10*x - 10. What is the thousands digit of h?
9
Suppose 2*q - 12 = 26. Suppose 866 = q*x - 1851. What is the tens digit of x + 21 - (0 - 2)?
6
Let u = 4593 + -2420. What is the thousands digit of u?
2
Suppose -3*k - 9897 = 4*w - 3054, 0 = k + 5*w + 2281. Let z = k - -3343. What is the tens digit of z?
6
Suppose 0 = 48*t + 100*t - 523180. What is the thousands digit of t?
3
Suppose -149 + 165 = 4*s, -173848 = -4*h - 5*s. What is the thousands digit of h?
3
Let t(m) = -10*m - 18. Let n be t(-2). Let a be n*76/(-95)*5/(-2). Suppose -4*r - 249 = 4*j - 765, -a*j + 5*r = -516. What is the tens digit of j?
2
What is the ten thousands digit of (-6)/(-16) - 1*((-354004)/32 - -4)?
1
Suppose -5*c + 26 - 1 = 0. Let u = -248 + 253. Suppose -c*m = -l - 310, -74 - 73 = -2*m + u*l. What is the tens digit of m?
6
Let f = 2677 + 2231. What is the hundreds digit of f?
9
Suppose 4*h + 4*i - 17 = 5*i, 0 = -h - 3*i + 1. Let u = h - -353. What is the units digit of u?
7
Suppose 2*a - 5*l - 50 = 0, -452*a + l - 86 = -454*a. Suppose -2 = -3*u + 4. What is the units digit of (u*(-15)/a)/(1/(-244))?
3
Suppose 0*h - 5*h + 60 = 0. Suppose 3*q = h, 2*r - 188 - 56 = 3*q. Suppose -3*o - 2*b + 127 = 0, 3*o + b - r = -0*b. What is the tens digit of o?
4
What is the thousands digit of -4 - -4658 - (108/(-252) - (-18)/(-7))?
4
Suppose 3*z - 1052 = -1076. Let n(y) = 13*y**2 - 5*y - 7. What is the tens digit of n(z)?
6
Let k = -320